 by 2/3 + r/3?
9
Let b(t) = -t**2 - 11*t - 7. Suppose 2 = o - 2*o. Let r = 5 - o. Calculate the remainder when r is divided by b(-10).
1
Suppose -22 = c - 17. Calculate the remainder when 47 is divided by (24/c)/(4/(-10)).
11
Suppose -a + 18 = 3*f, a - 19 - 5 = -5*f. Calculate the remainder when ((-238)/35)/(-17) - 158/(-5) is divided by a.
5
Let t(r) = -45*r**2 + 4*r + 1. Let g be t(3). Calculate the remainder when 21 is divided by 4/(-18) + g/(-63).
3
Let a(x) = 7*x - 14. Let g = -3 + 3. Suppose g*h - 4*h = -68. Calculate the remainder when a(9) is divided by h.
15
Let y(n) = 5 - 3 - 4 + n**2. What is the remainder when y(-5) is divided by 30/(-40) - 102/(-8)?
11
Suppose -4*o = -4*a, -a + 3*o - 28 = -5*a. Suppose a*i + 4*g = 28, 2*i - g = 7 + 10. What is the remainder when ((-10)/15)/(1/(-33)) is divided by i?
6
Suppose 3*d + 0*d = 0. Let q = -1 - -1. Suppose p + q + 8 = a, d = -5*a + p + 44. Calculate the remainder when 26 is divided by a.
8
Let h = -29 + 29. Suppose 5*x + 7 - 22 = 0. Suppose h*p = -4*p - f + 53, -2*p + 19 = x*f. What is the remainder when p is divided by 8?
6
Let z = -31 - -46. What is the remainder when 2 + -1 + 3*14 is divided by z?
13
Suppose -4*g + 3*g = 4. Calculate the remainder when 36 is divided by -5 - g - (-15 - -1).
10
Let a be -1*2*2 + -1. Let u be (-2)/a + 68/(-20). What is the remainder when (-1 + 2 + u)*-4 is divided by 3?
2
Suppose 3*q = -2*v + 17, 0 = q + 2*q + v - 19. What is the remainder when 18 is divided by q?
4
Let w = -91 + 161. Calculate the remainder when w is divided by 18.
16
Let t(b) = 5*b + 4. Calculate the remainder when 26 is divided by t(2).
12
Suppose 0*f - 40 = -2*f. Suppose -q - f = -5*q. Suppose 0 = 13*y - 18*y + 10. Calculate the remainder when q is divided by y.
1
Let f(n) = -n**3 - 8*n**2 - 7*n - 12. Let h be f(-8). Let i = 3 + 0. What is the remainder when -1*i*h/(-6) is divided by 12?
10
Let x = 76 + -23. Calculate the remainder when x is divided by 14.
11
Let v(a) be the second derivative of a**4/2 - a**3/6 - a**2 + a. Calculate the remainder when v(3) is divided by 17.
15
Let h be -11 + 0 - 3*1. Let w = h + 38. What is the remainder when w is divided by 13?
11
Let c be (-4)/16 - (-51)/12. Let b = -1 + 1. Suppose -5*z + b*y + 27 = -2*y, -24 = -4*z + c*y. What is the remainder when 12 is divided by z?
2
Suppose -3*v = v - 20. Suppose g = 2, 0 = 5*r - r - v*g - 186. What is the remainder when r is divided by 13?
10
Suppose -56 = -5*i + 3*o, -2*o - o = -i + 4. Let l(u) = u**2 - 2*u - 10. Let w = -9 - -17. Calculate the remainder when l(w) is divided by i.
12
Let o(i) = -i**2 + 8*i + 13. Let f be o(9). Suppose -2*q - 2*v = -36, f*q + 2*v - 84 = v. Calculate the remainder when (-30)/(-4)*26/3 is divided by q.
21
Let w = -9 - -24. Let j(x) = -10*x + 52. Calculate the remainder when j(5) is divided by 4/(-10) - (-36)/w.
0
Suppose 46 + 48 = z. Suppose -z = 4*j + 78. Calculate the remainder when 4 - 2 - 4 - j is divided by 14.
13
Suppose 58 = 4*d - 0*t - t, 2*t = -4*d + 64. What is the remainder when 4/(0 + (-1)/(-11)) is divided by d?
14
Let z = -7 - -6. Let m(o) = 10*o**2 - o - 1. Calculate the remainder when 29 is divided by m(z).
9
Let y = -30 - -54. Let q = -1 + y. What is the remainder when q is divided by 6?
5
Suppose u - 7*t + 3*t - 32 = 0, 0 = 3*u - 3*t - 60. Calculate the remainder when 54 is divided by u.
6
Let n = 0 - 1. Let a be (n/2)/(2/(-36)). Let j = a + -3. What is the remainder when 11 is divided by j?
5
Let i(p) = -p**2 - 11*p + 24. Calculate the remainder when i(-12) is divided by 4.
0
Let v(w) be the third derivative of w**5/60 - 3*w**4/8 + 11*w**3/6 + 2*w**2. Let r be v(8). Suppose 0 = c - r - 1. What is the remainder when c is divided by 3?
1
Suppose 0*p - 3*p = -12. Calculate the remainder when 5 is divided by p.
1
Let c(u) = u**3 + 6*u**2 + 2*u + 4. Let g be c(-4). Let z = -9 + g. What is the remainder when z is divided by 5?
4
Suppose -h - 4*f - 1 = -3, 2*h - 3*f - 59 = 0. What is the remainder when 43 is divided by h?
21
Let y(z) = -z**3 - 8*z**2 - 8*z - 4. Let l be y(-7). Suppose -l*o - o = -228. Let j(n) = 27*n - 7. Calculate the remainder when o is divided by j(1).
17
What is the remainder when ((-696)/10)/(6/(-15)) is divided by 45?
39
Let u = -71 - -142. What is the remainder when u is divided by 18/(-12)*(-15 + 3)?
17
Let w(p) = -p**3 + 15*p**2 + 18*p - 4. What is the remainder when w(16) is divided by 16?
12
Suppose -2*q - 3*j + 28 = 2*j, 3*q - j = 59. Calculate the remainder when q is divided by (-11)/3*-1*3.
8
Let u(r) = r**2 + 3*r - 9. What is the remainder when u(-8) is divided by 11?
9
Let t = 57 - 15. What is the remainder when t is divided by 11?
9
Let b(j) be the first derivative of -j**2/2 + j + 1. What is the remainder when b(-6) is divided by 3?
1
Let f = -78 + 96. Calculate the remainder when 68 is divided by f.
14
Let y = -3 - -3. Suppose a - 3 - 2 = y. What is the remainder when 13 is divided by a?
3
Let c be (9/12)/((-15)/(-20)). What is the remainder when c*(-2 + (32 - 3)) is divided by 124/9 - 2/(-9)?
13
Suppose -4*t + 37 + 23 = 0. Suppose -6*v + 2 = -5*v. Suppose -v*u - 2*a = -6*a - 4, u - 23 = -5*a. Calculate the remainder when t is divided by u.
7
Suppose 5*q - 2*q = 27. Let z be (-44)/(-12) + (-4)/6. Suppose -15 = -z*g + q. Calculate the remainder when 14 is divided by g.
6
Let m be -2 + 3*2*6. Let w = m - 18. Calculate the remainder when w is divided by 4/14 + (-200)/(-35).
4
Suppose 2*u - 4*u = 4*h - 68, -2*u = -4*h - 52. Let g = u + -2. Suppose -2*p = 10, -4*p + 25 = 3*f - 0. What is the remainder when g is divided by f?
13
Let q = 62 + -28. What is the remainder when q is divided by 18?
16
Let s(h) be the third derivative of h**5/60 - h**4/4 + 3*h**3/2 - 8*h**2. What is the remainder when s(6) is divided by 2?
1
Let l be 2*8 + (4 - 4). Let y = l + -8. Calculate the remainder when 23 is divided by y.
7
What is the remainder when 74 is divided by (69/(-6) + 2)*-2?
17
Let z = -5 + 15. Let n(h) = 6*h - 5. What is the remainder when n(4) is divided by z?
9
Let y(w) = w**2 + w + 7. Calculate the remainder when 18*(-2 + -2)/(-4) is divided by y(0).
4
What is the remainder when 48 is divided by 68*(5 + -3)/8?
14
What is the remainder when 133 is divided by 107/4 - (5/(-4) - -1)?
25
Let n = 357 + -347. Let d(o) = -o**3 + o + 29. What is the remainder when d(0) is divided by n?
9
Suppose 0 = -k - k + 3*x + 26, 88 = 5*k + 4*x. Calculate the remainder when 63 is divided by k.
15
Let f = -28 - -33. What is the remainder when 14 is divided by f?
4
Suppose 6 = -3*k, 37 = 3*p - 2*k - 0*k. Let a(i) = -i**2 + 13*i - 16. Let r be a(p). What is the remainder when r/(-4) + 37/2 is divided by 6?
5
Suppose 0*v = -3*v + 15. What is the remainder when -1 - 5/(20/(-12)) - -17 is divided by v?
4
Let v = -49 - -32. Let d = -5 - v. Let k(b) = 7*b - 7. Calculate the remainder when k(6) is divided by d.
11
Suppose -10 = -3*a - 2*h + 4*h, -2*a + 3*h = -5. What is the remainder when 13 is divided by (-2 - 0)*(-14)/a?
6
Suppose -19*j + 172 = -15*j. What is the remainder when j is divided by 22?
21
Let d(p) = p**2 - 7*p + 4. Let c be d(5). Let y(z) = -2*z + 4. Let o(x) = 3*x. What is the remainder when y(c) is divided by o(2)?
4
Let q = -2 - -3. Let x = q - 0. Calculate the remainder when 7 is divided by x + (4 - 2)/1.
1
Let n(b) = b**2 + b + 7. Let y(p) = 5 - 3*p**2 - p + p**3 - p + 0*p**2. Calculate the remainder when n(5) is divided by y(4).
11
Suppose -3*l + 100 = -53. What is the remainder when l is divided by 18?
15
Let i(l) = -5*l + 62. What is the remainder when i(-11) is divided by 42?
33
Let o(m) = m**3 + 4*m**2 + 4*m + 3. Let h be o(-3). Suppose h = g - 6 - 0. What is the remainder when 11 is divided by g?
5
Let t(f) = 47*f - 7. Let b be t(-3). Calculate the remainder when 43 is divided by (-36)/(-84) - b/14.
10
Suppose 2*f = 11*f - 72. Let t be 9/(1 + 12/(-14)). Suppose -5*r + 3*s + 87 = -s, -4*r = -s - t. What is the remainder when r is divided by f?
7
Suppose 0*j - 164 = -4*j. Calculate the remainder when 119 is divided by j.
37
Let w(l) = -l + 0*l**2 - l**2 - 2*l**3 - l**3 - 9*l**3. What is the remainder when 22 is divided by w(-1)?
10
Suppose 3 + 2 = 5*g. What is the remainder when g is divided by 1?
0
Suppose 52 = -4*s - 340. Calculate the rema